l = 3*l + 6. Let b be ((-5)/(45/(-6)))/(f/54). Give o(b).
-9
Let b be (2/6)/((-1)/(-6)). Suppose 5*z - 104 = i + 36, -i + 49 = b*z. Let s(d) = 2 + z*d - 24*d - 2. Give s(-2).
-6
Let n(g) = -2*g - 3. Let h(t) = -3*t - 1. Let b be h(-1). Let j(a) = -3 + 1 + 0 + a + 4*a - a**b. Let f be j(3). Give n(f).
-11
Let a(b) = 8*b + 1. Let j be 1/2*5*16/20. Suppose 5*x = 5*h + x + j, 0 = 5*h + 5*x - 25. What is a(h)?
17
Let k(t) be the third derivative of t**5/60 + t**4/3 + 5*t**3/3 - 246*t**2. Determine k(-8).
10
Suppose 2*y - 3*y = 3*n - 103, 323 = 3*y - 5*n. Let j(g) = -2*g**2 - y*g + 3 + 3*g**2 + 102*g. Give j(3).
0
Let l = -5 - -8. Let o(t) = 3*t - 4 + 76*t**3 - 50*t**3 - 16*t**3 - 4*t - t**2 - 9*t**3. Give o(l).
11
Let q(s) = 7*s**3 - 3*s**2 - 17*s + 12. Let d(f) = 6*f**3 - 2*f**2 - 15*f + 11. Let t(l) = -6*d(l) + 5*q(l). Determine t(-5).
19
Let t = -307 - -306. Let n(c) = -8*c. What is n(t)?
8
Let s(k) = -21 - 22 + 70 - 14 + k - 14. What is s(5)?
4
Let j be 4*((-14)/4)/(-7). Suppose -j = -0*x - 2*x. Let k(p) = -p + 2 - 2*p + 2*p**2 + x - p**3 - p**2. Give k(2).
-7
Suppose 26*s = -78*s + 312. Let j(y) be the second derivative of -1/3*y**s - 5*y + 0 - 3*y**2. Determine j(-6).
6
Let r be (-3)/1 - (6 - 10). Let z(o) = o**2 - o - 1. Let t(x) = 5*x**2 - 3. Let c(b) = t(b) - 2*z(b). What is c(r)?
4
Let m(z) be the second derivative of -3*z**5/20 - z**4/2 - 4*z**3/3 - 9*z**2/2 + 3*z. Let s(g) = -g**3 - g**2 - g - 1. Let r(v) = m(v) - 4*s(v). What is r(4)?
11
Let o(p) = -2*p + 8. Let m(k) = 6*k**2 + 5*k + 1. Let g(w) = -w**2 + w - 1. Let h(j) = 3*g(j) + m(j). Let x be h(-2). Give o(x).
20
Let l(f) = -f - 10. Let o = -51 + 70. Suppose -o = w + 4*w - 2*i, -4*i = 5*w + 37. Give l(w).
-5
Let c = -34 + 31. Let j be (-3 + 1)*3/c. Let x(s) = -6*s**j - 15*s + 7 + 13*s - 2 - s**3. Calculate x(-5).
-10
Let y(d) be the first derivative of d**3/3 + 3*d**2/2 + 734. Determine y(4).
28
Let m(g) be the third derivative of -g**6/360 - g**5/120 + g**4/12 + 3*g**3/2 - 2*g**2 + 2. Let y(t) be the second derivative of m(t). Determine y(5).
-11
Let m = 1 - 4. Let c(z) = -5*z**3 + 6*z + 20. Let j(l) = -6*l**3 + l**2 + 8*l + 24. Let h(d) = -5*c(d) + 4*j(d). Give h(m).
-1
Let w(g) = -1 + 12 - g**3 + 4*g**3 - 4*g**2 + g. Let m(q) = -6*q**2 - 22*q**3 + q + 16 + 53*q**3 - 27*q**3 + q. Let x(t) = 5*m(t) - 7*w(t). Give x(-3).
3
Let h = 290 + -212. Let x = h + -75. Let t(s) = 3*s - 1 - 2 + 4. Give t(x).
10
Let b(l) = 3*l**3 + l**2 + 2*l - 4. Let j(o) = -o**3 + o**2. Let p(k) = -b(k) - 4*j(k). What is p(5)?
-6
Let w(c) be the first derivative of 3/2*c**2 + 1/6*c**3 - 1/60*c**6 + 0*c + 3 - 1/8*c**4 + 1/20*c**5. Let s(f) be the second derivative of w(f). Give s(2).
-9
Let a(b) be the third derivative of -2 - 1/3*b**3 - 1/20*b**5 - b**2 + 1/6*b**4 + 0*b. Give a(2).
-6
Let i(v) = 2*v**3 - v**2 + 2*v - 1. Let h(y) = y**2 + 25*y + 5. Let u(n) = n**2 + 24*n + 4. Let o(x) = -2*h(x) + 3*u(x). Let w be o(-22). Give i(w).
15
Let o(k) = 6*k + 9. Let y(s) = -5*s - 9. Let h(f) = -3*o(f) - 4*y(f). Give h(0).
9
Let t(c) = c**2 - 8*c + 2. Let w(s) be the third derivative of s**5/60 + 7*s**4/12 - 3*s**3/2 + 9*s**2. Let i be w(-15). Calculate t(i).
-10
Let m(b) = -b**2 - 7*b - 6. Let f(l) = 3*l**2 + 2*l - 2. Let k be f(2). Suppose 6 = 2*w + k. Let d be 3*(w/(-6) - 2). Calculate m(d).
6
Let a(p) = 9*p**2 - p - 1. Suppose -5*d - 3*h = -h - 3, -2 = 3*d + 5*h. Give a(d).
7
Let d(a) = -a**2 - 6*a - 3. Let r(i) = 18 + 47*i + 6*i**2 - 17*i - 2. Let v(c) = -11*d(c) - 2*r(c). What is v(7)?
-6
Let x be ((-1)/(-2))/(3/(-24)). Let q(l) = -9*l**3 + l**2 + 11*l - 2. Let t(o) = -11*o**3 + 2*o**2 + 13*o - 2. Let n(p) = -5*q(p) + 4*t(p). Determine n(x).
-2
Let u(x) = x**2 + x. Let d = -26 - -19. Let n(r) = -3 + 3 + 0 - 3*r - 4*r**2 - 1. Let q(t) = d*u(t) - 2*n(t). Give q(0).
2
Let o(y) = 3*y**3 + 2*y**2 + 2*y - 6. Let p(i) = i**3 - i**2 + i - 1. Let t(f) = -o(f) + 4*p(f). What is t(2)?
-10
Let g(l) = l**3 + 6*l**2 + 3*l - 1. Let d be ((-8)/(-20))/((-2)/10). Let a be (-6)/(-2)*(-4 - d). What is g(a)?
-19
Let f(i) be the second derivative of -i**3/6 - 2*i**2 + 116*i. What is f(-8)?
4
Let w(l) = -3*l - 13. Let h(f) = f + 2. Let v(c) = 5*h(c) + w(c). Give v(4).
5
Let h(z) = -z - 3. Let n(f) be the third derivative of -f**5/60 + 11*f**4/24 + 5*f**3/6 + f**2. Let j be n(10). Let x = j - 12. Calculate h(x).
-6
Let s(v) = -v**3 - 4*v**2 + 1. Suppose 3 = 3*j - 4*m, -10*j + m + 9 = -12*j. Determine s(j).
-8
Suppose 48 = z - 4*z. Let p = -23 - z. Let k(v) be the second derivative of v**4/12 + 7*v**3/6 + 2*v**2 - 92*v + 7. Determine k(p).
4
Let u(l) = l - 1. Suppose 5*c + 12 = 2*c. Let g(h) = -h**2 - 6*h - 2. Let r be g(c). Let i be (-88)/(-33)*r/(-4). Give u(i).
-5
Let b(g) = -6*g + 39. Let q be b(5). Let d(r) = -r**3 + 9*r**2 - 2*r + 13. Determine d(q).
-5
Let y(l) = l**2 - 19*l + 3. Let k be y(19). Suppose 5 = -2*g + k. Let n(u) = -2*u**3 + u**2 - 1. What is n(g)?
2
Let y(u) = u**2 + u**3 - 7*u**2 - 8*u + 1 + 0*u**3. Suppose 2*g = -4*b + 26, 11*g - 7*g - 43 = -5*b. Give y(g).
-6
Let s be (-1)/(22/(-10) + 2). Let t(r) = -r**3 + 4*r**2 + 3*r + 9. Give t(s).
-1
Let o(a) be the third derivative of -a**6/120 - a**5/12 - a**4/6 - a**3/2 - a**2. Suppose 0 = z - 1 + 4, n = -5*z - 20. What is o(n)?
17
Let y(v) = v**3 - 8*v**2 - 19*v + 9. Let z(q) = -q**3 + 8*q**2 + 24*q - 9. Let d(t) = -6*y(t) - 5*z(t). Let j be 1/(-2) + 15/2. Determine d(j).
-2
Let g(m) = m**3 - 4*m**2 + 100*m - 525. Let t be g(5). Let p(o) = 0*o - 1 - o + 3. Give p(t).
2
Let r(k) be the third derivative of k**7/2520 - k**6/120 - 3*k**5/10 - 7*k**2. Let a(s) be the third derivative of r(s). Suppose 2 = w - 3. Give a(w).
4
Let j(m) = 5*m**3 + m**2 + m. Let k(d) = d - 9. Let u be k(11). Suppose -u*x = 5*f - 83, 5*x - 22 = -2. Suppose 2*q + f = -5*o, -q + 4*q + 16 = -o. Give j(o).
-5
Let j(g) = g**3 - 5*g**2 + 5*g - 2. Let u(o) be the second derivative of -o**3/6 + 7*o**2 - 6*o. Let c be u(6). Let a = 12 - c. What is j(a)?
2
Let c(a) = -a**3 - a - a + 7*a**3 + 1 - 5*a**3 + 5*a. Calculate c(-2).
-13
Let y(n) = -34*n + 5. Let t(u) = -8*u + 1. Let z(s) = 26*t(s) - 6*y(s). Determine z(-6).
20
Let c(t) = -9*t - 13. Let l(q) = 27*q + 31. Let o(y) = 11*c(y) + 4*l(y). Calculate o(3).
8
Let d = 272 - 269. Let c(n) = 5*n - 6. Give c(d).
9
Let q(s) = -s**3 - 4*s**2 - 2*s - 4. Let m(j) = -j**2 + 6*j + 3. Let g be m(7). Let c be q(g). Let a be (-27)/18 + (-10)/c. Let v(w) = w + 4. Determine v(a).
0
Let x(d) = d**3 - 7*d**2 - 2*d + 4. Let i(y) = -y**3 + 6*y**2 + 3*y - 5. Let o(w) = -3*i(w) - 2*x(w). Calculate o(5).
7
Let z(l) = l**2 + 2*l - 5. Let n be z(-4). Let v(y) = n*y**3 + 0*y**2 - y - y**2 + 13 - 11. Let g be -1 - (0 + (-2 - 1)). Give v(g).
20
Suppose 0 = -m, 0 = -4*g + 8*m - m + 12. Let j(a) be the second derivative of 0 + 4*a**2 - 1/6*a**g - 8*a. Give j(7).
1
Let j(u) = -u - 2. Let o(c) = 3*c + c - 3 - 3 - c**2 - c. Let t be o(3). What is j(t)?
4
Let p = 3 + -3. Suppose -4*b + p*b = -20. Let j(c) be the first derivative of -c**3/3 + 3*c**2 - 3. Determine j(b).
5
Let z(p) = -p**2 + 6*p + 4. Let j be ((-32)/6)/(4/(-12)). Suppose 17 = 3*a - j. Let o(n) = n**2 - 11*n + 6. Let v be o(a). Determine z(v).
4
Let i(g) be the second derivative of -g**6/240 + 3*g**4/2 - 4*g. Let s(r) be the third derivative of i(r). Determine s(-3).
9
Let w(t) = -2*t + 8. Suppose 3*u = 2*r - 21, u - 1 + 38 = 4*r. Give w(r).
-10
Let w(r) = -r**2 - 8*r - 9. Let f(i) = -i + 5. Let d be f(13). Calculate w(d).
-9
Suppose 3*s = -s + 12, -2*h = -s + 13. Let t(m) = 2*m**3 + 3*m**2 - 9*m + 14. Let i(k) = k**3 + 2*k**2 - 4*k + 7. Let z(f) = 5*i(f) - 2*t(f). What is z(h)?
-8
Let b(p) = 298*p**3 + p**2 - 149*p**3 + 4*p - 5*p**2 + 2 - 150*p**3. Suppose -5*c - 36 + 11 = 0. Determine b(c).
7
Let i(c) = -c**2 - c - 4. Let y be (-2)/(-9) - (-86)/18. Suppose 4 = -3*j + 25. Suppose y*a + 8 = -j. What is i(a)?
-10
Let k(u) = 4*u - u**2 - 427 + 0*u**2 + 421. Calculate k(4).
-6
Suppose -l + 4*c + 25 = 2*l, 4*c + 13 = -l. Let w(j) = -11 + 0*j - l*j + 4*j + 0*j. Suppose 7*r = 3*r. What is w(r)?
-11
Let g(i) = 2*i**2 + 20*i + 15. Let t be g(-9). Let k(b) = b**2 + 4*b + 4. Calculate k(t).
1
Suppose 5 = -d, -5*d = -5*g - 12 + 82. Let l be (-6)/9*6/(-4). Let a be g/(-6)*(l - 5). Let w(p) = p**3 - 7*p**2 + 6*p - 7. What is w(a)?
-7
